Let m(v) = -53*v - 6978. What is m(-132)?
18
Let r(q) = -3*q**3 + 31*q**2 + 65*q - 746. What is r(10)?
4
Let j(x) = -x**2 - 3512*x - 24532. What is j(-7)?
3
Let i(g) = 5*g**2 - 84*g - 4. What is i(16)?
-68
Let s(w) = -324*w**2 + 260*w - 4. What is s(1)?
-68
Let c(w) = 291*w + 13395. What is c(-46)?
9
Let y(w) = -6*w**2 - 217*w - 38. Give y(-36).
-2
Let j(k) = k**2 - 577*k - 22049. Calculate j(-36).
19
Let z(a) = -2*a**2 + 35*a + 33. What is z(-1)?
-4
Let d(z) = 40*z - 317. What is d(6)?
-77
Let r(a) = -55*a + 315. What is r(6)?
-15
Let y(v) = 4*v**3 - 19*v**2 + 7*v - 13. Calculate y(7).
477
Let y(s) = 2*s**3 + 66*s**2 - 652*s - 36. Calculate y(8).
-4
Let r(x) = 17*x**2 + 157*x + 39. Determine r(-9).
3
Let s(g) = 427*g - 28188. Give s(66).
-6
Let z(a) = 3*a**3 - 2*a**2 - 15*a - 10. Determine z(-2).
-12
Let n(c) = -c**3 + 9*c**2 + 28*c + 16. What is n(-6)?
388
Let j(t) = -4*t**2 - 219*t - 1167. Determine j(-6).
3
Let f(x) = x**2 + 21*x + 4. What is f(-9)?
-104
Let v(y) = -y**3 - 14*y**2 + 36*y + 783. Give v(-14).
279
Let f(l) = 3*l**2 + 595*l + 4171. Give f(-7).
153
Let p(q) = 3*q**2 - 11*q - 25. Determine p(8).
79
Let a(b) = 59*b - 123. Determine a(4).
113
Let a(b) = -10*b**2 + 75*b - 31. Calculate a(7).
4
Let x(z) = -35*z + 838. What is x(24)?
-2
Let f(y) = -y**3 + 36*y**2 + 50*y - 462. Determine f(37).
19
Let s(n) = 59*n + 441. Determine s(-7).
28
Let w(i) = -179*i + 23093. Calculate w(129).
2
Let c(b) = 2*b**2 - 12*b + 54. Determine c(5).
44
Let r(m) = -3*m + 15. Calculate r(-1).
18
Let j(p) = 126*p + 18150. What is j(-144)?
6
Let r(y) = -26*y - 1318. Determine r(-47).
-96
Let i(a) = 5*a**2 + 84*a + 9. Give i(-17).
26
Let k(l) = l**2 - 28*l + 24. Give k(14).
-172
Let o(b) = 4*b**2 + 3*b - 28. What is o(-6)?
98
Let n(j) = -39*j + 2226. Give n(62).
-192
Let i(a) = -a**3 - a**2 + 6*a + 6. Determine i(-2).
-2
Let p(k) = -16*k + 123. Determine p(7).
11
Let w(c) = -c**2 - 30*c + 4662. Determine w(55).
-13
Let s(u) = -60*u + 3005. Give s(50).
5
Let i(a) = -a**3 - 14*a**2 - 38*a - 187. Calculate i(-12).
-19
Let w(n) = 2*n**2 - 15*n + 21. Give w(7).
14
Let p(k) = -9*k**2 + 16*k - 3. Determine p(2).
-7
Let g(j) = 5*j**3 - 11*j**2 + 7*j - 1. Give g(3).
56
Let f(u) = u**2 + 10*u - 62. Give f(-16).
34
Let m(s) = 160*s + 1758. Give m(-11).
-2
Let n(z) = 25*z - 85. Calculate n(2).
-35
Let i(z) = -168*z + 430. What is i(2)?
94
Let v(d) = -656*d + 4029. Determine v(6).
93
Let y(l) = -2*l**3 + 15*l**2 - 14*l + 149. Calculate y(8).
-27
Let v(q) = 33*q - 1789. Determine v(55).
26
Let a(t) = -22*t**2 - 170*t + 166. Determine a(1).
-26
Let i(u) = 830*u - 51. Give i(0).
-51
Let n(y) = -20*y - 832. Determine n(-42).
8
Let y(t) = -t**3 - 16*t**2 - 50*t + 63. Calculate y(-5).
38
Let z(w) = -2*w**3 + 4*w**2 - 8*w. Calculate z(2).
-16
Let r(x) = 22*x**3 + 150*x**2 - 112*x - 584. Determine r(-7).
4
Let s(f) = 2*f**2 + 22*f + 52. Determine s(-9).
16
Let l(r) = -830*r - 6634. Give l(-8).
6
Let p(n) = 3*n**3 + 3*n**2 + 39*n + 2. Determine p(0).
2
Let u(m) = -6*m + 60. Determine u(7).
18
Let j(v) = -v**2 + 169*v + 1811. What is j(-10)?
21
Let z(j) = 6*j**2 + 213*j + 635. Calculate z(-3).
50
Let c(p) = -p**3 - 6*p**2 + 4*p - 31. What is c(-7)?
-10
Let g(c) = -3*c**2 - 370*c - 130. Give g(-123).
-7
Let s(p) = 25*p - 289. Calculate s(-3).
-364
Let f(t) = t**3 - 64*t**2 + 251*t + 61. What is f(60)?
721
Let m(i) = -36*i**2 - 1511*i - 1437. Give m(-41).
-2
Let r(q) = -1176*q + 2366. Give r(2).
14
Let l(k) = -k**3 + 54*k**2 - 598*k + 51. Calculate l(38).
431
Let w(b) = -13*b**2 - 199*b + 8. Give w(-15).
68
Let m(j) = j**3 - 2*j**2 - 41*j - 19. What is m(8)?
37
Let w(s) = -3*s**3 - 40*s**2 + 12*s - 115. Determine w(-14).
109
Let d(b) = 2*b**2 + 27*b - 14. What is d(-14)?
0
Let t(v) = -6*v**2 - 76*v + 929. Calculate t(8).
-63
Let s(b) = 5*b**2 - 20*b - 86. Give s(-6).
214
Let z(k) = -253*k + 264. Give z(1).
11
Let y(k) = -k**3 + 31*k**2 - 96*k + 1085. Calculate y(29).
-17
Let v(f) = -369*f + 4073. What is v(11)?
14
Let z(a) = 214*a + 397. Give z(-8).
-1315
Let u(v) = 18*v - 333. What is u(26)?
135
Let c(s) = 194*s**2 - 194*s - 1. Give c(1).
-1
Let g(b) = 2*b**2 + 509*b - 11894. Give g(-276).
-26
Let t(o) = -o**2 + 8777*o - 35101. What is t(4)?
-9
Let u(p) = 2*p**2 - 44*p + 3. Give u(21).
-39
Let v(y) = -47*y + 26. Give v(-2).
120
Let h(w) = w**2 - 102*w + 987. Calculate h(9).
150
Let t(v) = -28*v + 326. Give t(11).
18
Let m(n) = -459*n - 3206. What is m(-7)?
7
Let u(p) = p**3 - 64*p**2 + 44*p - 2877. Give u(64).
-61
Let b(m) = 1470*m + 51457. Determine b(-35).
7
Let n(l) = -l**3 - 8*l**2 - 148*l - 984. Give n(-7).
3
Let f(c) = -2*c**3 + 15*c**2 + 157*c - 1135. What is f(7)?
13
Let a(y) = y**3 - 16*y**2 + 47*y - 104. Determine a(13).
0
Let s(f) = 509*f + 12696. What is s(-25)?
-29
Let c(x) = x**3 - 6*x**2 - 24*x - 32. Give c(-5).
-187
Let v(d) = -129*d**2 - 11*d + 23. Give v(2).
-515
Let d(m) = 15*m - 46. Give d(14).
164
Let b(d) = 2*d**3 - 29*d**2 + 79*d. What is b(11)?
22
Let w(n) = 20*n - 1106. Determine w(54).
-26
Let l(g) = -g**2 - 103*g + 916. What is l(9)?
-92
Let y(j) = -97*j - 443. Give y(-9).
430
Let w(m) = m**3 - 5*m**2 - 3*m + 32. What is w(3)?
5
Let i(q) = q**3 - 30*q**2 + 110*q - 87. Give i(25).
-462
Let y(n) = -89*n - 2004. What is y(-22)?
-46
Let x(y) = -y**3 + 26*y**2 + 231*y - 12. Give x(33).
-12
Let r(a) = 433*a**2 + 3897*a - 6. What is r(-9)?
-6
Let l(h) = -12*h**3 - 3*h**2 - 18*h - 15. Calculate l(-1).
12
Let c(a) = -51*a**2 - 186*a - 2. Give c(-4).
-74
Let w(t) = -t**3 - 63*t**2 + 56*t + 12. Calculate w(-64).
524
Let j(h) = -348*h**2 - 1044*h - 8. Determine j(-3).
-8
Let y(i) = -2*i**3 + 97*i**2 - 71*i + 77. Give y(48).
-1027
Let k(y) = -16*y**2 + 18*y - 144. What is k(5)?
-454
Let h(l) = -l**3 + 88*l**2 + 367*l + 102. Give h(92).
10
Let g(n) = n**2 + 76*n + 1454. Determine g(-42).
26
Let q(w) = 3524*w - 70471. What is q(20)?
9
Let l(i) = -3151*i + 12591. What is l(4)?
-13
Let i(k) = -k**2 - 28*k - 185. Determine i(-21).
-38
Let i(u) = -7*u**2 - 2916*u - 2915. Determine i(-1).
-6
Let l(m) = -m**3 - 50*m**2 + 399*m + 4. Determine l(-57).
4
Let l(n) = -6*n**2 - 114*n - 21. Give l(-19).
-21
Let o(k) = 26*k**2 + 1128*k + 414. What is o(-43)?
-16
Let y(l) = 38*l + 405. What is y(-10)?
25
Let s(i) = i**2 + 41*i + 356. Calculate s(-26).
-34
Let a(r) = -r**3 - 3*r**2 - 10*r - 37. Calculate a(-3).
-7
Let d(i) = i**3 - 2*i**2 + 39*i - 77. Give d(2).
1
Let r(d) = d**3 - 53*d**2 + 286*d - 21779. Give r(55).
1
Let h(s) = 43*s + 51. Calculate h(4).
223
Let a(g) = -33*g - 109. Calculate a(-3).
-10
Let p(q) = 43*q - 30. Calculate p(-4).
-202
Let l(o) = 4*o**3 - 53*o**2 - 49*o + 305. What is l(14)?
207
Let i(s) = -s**2 - 17*s + 45. Calculate i(11).
-263
Let p(u) = -19*u**3 + 7*u**2 - 19*u + 28. Determine p(2).
-134
Let o(h) = -6*h - 761. What is o(-118)?
-53
Let x(h) = -9*h + 15. Determine x(17).
-138
Let x(j) = 86*j + 1712. Calculate x(-21).
-94
Let k(o) = o**3 + 3*o**2 - 25*o + 6. Determine k(-7).
-15
Let r(u) = -2*u**3 + 4*u**2 + 3*u + 3. What is r(-4)?
183
Let x(p) = -p**3 + 12*p**2 + 111*p - 146. What is x(-7)?
8
Let x(o) = -8*o + 394. Calculate x(30).
154
Let i(l) = -208*l**2 + 4158*l + 10. Determine i(20).
-30
Let r(m) = m**3 - 9*m**2 + 18*m + 9. Determine r(7).
37
Let v(h) = 153*h + 586. What is v(-4)?
-26
Let o(m) = 88*m + 350. Determine o(-4).
-2
Let y(h) = 6*h**2 + 565*h + 96. What is y(-94)?
2
Let x(h) = 81*h + 232. What is x(-3)?
-11
Let i(g) = -g**2 - 9642*g + 86865. Determine i(9).
6
Let c(y) = 37*y**2 + 1989*y - 478. Give c(-54).
8
Let b(u) = -u**3 + 23*u**2 - 56*u + 1924. Determine b(24).
4
Let p(x) = x**3 + 10*x**2 - 11*x - 105. Calculate p(-9).
75
Let o(t) = -t**2 + 19*t - 53. Give o(3).
-5
Let f(c) = -5*c**2 - 463*c + 246. Determine f(-93).
60
Let h(c) = c**3 + 58*c**2 - 94*c + 1565. What is h(-60)?
5
Let p(o) = o**3 + 20*o**2 + 109*o + 106. Determine p(-11).
-4
Let l(c) = -80*c - 524. Give l(-7).
36
Let g(p) = p**2 - 39*p + 14. Determine g(6).
-184
Let c(u) = u**3 - 79*u**2 + 78*u + 8. Calculate c(78).
8
Let y(p) = 2*p**2 + 9*p - 20. Give y(-12).
160
Let t(y) = -y**2 + 55*y + 4223. Determine t(-43).
9
Let y(z) = 8*z**2 + 120*z + 221. What is y(-14)?
109
Let p(a) = -2*a**2 - 30*a - 94. Determine p(-10).
6
Let k(t) = -284*t + 4236. Give k(15).
-24
Let l(k